{"id":39,"date":"2020-01-28T00:01:25","date_gmt":"2020-01-27T22:01:25","guid":{"rendered":"http:\/\/www.picknicker.at\/?page_id=39"},"modified":"2022-11-27T21:25:19","modified_gmt":"2022-11-27T20:25:19","slug":"wer-wir-sind","status":"publish","type":"page","link":"https:\/\/www.picknicker.at\/?page_id=39","title":{"rendered":"Wer wir sind"},"content":{"rendered":"\n<div class=\"wp-block-jetpack-tiled-gallery aligncenter is-style-rectangular\"><div class=\"tiled-gallery__gallery\"><div class=\"tiled-gallery__row\"><div class=\"tiled-gallery__col\" style=\"flex-basis:100%\"><figure class=\"tiled-gallery__item\"><a href=\"https:\/\/www.picknicker.at\/wp-content\/uploads\/2020\/12\/d298fe8b-2ed0-4330-8b24-95c185edec0f.jpg\"><img decoding=\"async\" srcset=\"https:\/\/i2.wp.com\/www.picknicker.at\/wp-content\/uploads\/2020\/12\/d298fe8b-2ed0-4330-8b24-95c185edec0f.jpg?strip=info&#038;w=600&#038;ssl=1 600w,https:\/\/i2.wp.com\/www.picknicker.at\/wp-content\/uploads\/2020\/12\/d298fe8b-2ed0-4330-8b24-95c185edec0f.jpg?strip=info&#038;w=900&#038;ssl=1 900w,https:\/\/i2.wp.com\/www.picknicker.at\/wp-content\/uploads\/2020\/12\/d298fe8b-2ed0-4330-8b24-95c185edec0f.jpg?strip=info&#038;w=1200&#038;ssl=1 1200w,https:\/\/i2.wp.com\/www.picknicker.at\/wp-content\/uploads\/2020\/12\/d298fe8b-2ed0-4330-8b24-95c185edec0f.jpg?strip=info&#038;w=1500&#038;ssl=1 1500w,https:\/\/i2.wp.com\/www.picknicker.at\/wp-content\/uploads\/2020\/12\/d298fe8b-2ed0-4330-8b24-95c185edec0f.jpg?strip=info&#038;w=1600&#038;ssl=1 1600w\" alt=\"\" data-height=\"1202\" data-id=\"547\" data-link=\"https:\/\/www.picknicker.at\/wer-wir-sind\/d298fe8b-2ed0-4330-8b24-95c185edec0f\/\" data-url=\"https:\/\/www.picknicker.at\/wp-content\/uploads\/2020\/12\/d298fe8b-2ed0-4330-8b24-95c185edec0f.jpg\" data-width=\"1600\" src=\"https:\/\/i2.wp.com\/www.picknicker.at\/wp-content\/uploads\/2020\/12\/d298fe8b-2ed0-4330-8b24-95c185edec0f.jpg?ssl=1\" data-amp-layout=\"responsive\"\/><\/a><\/figure><\/div><\/div><\/div><\/div>\n\n\n\n<p>picknicker ist die Website einer jungen Familie bei der drei Themen im Mittelpunkt stehen:<\/p>\n\n\n\n<ul class=\"wp-block-list\">\n<li>N\u00e4hen<\/li>\n\n\n\n<li>Familienleben<\/li>\n\n\n\n<li>Reisen<\/li>\n<\/ul>\n\n\n\n<p>Aktuell bloggt vor allem Familien-Mama Sandra zum Thema N\u00e4hen und Familien-Papa Heli zum Thema Reisen.<\/p>\n\n\n\n<p>Sandra hat ihr Hobby zum Beruf gemacht: Ihr kleines Label <strong>&#8222;Picknicker&#8220;<\/strong> steht f\u00fcr selbstgen\u00e4hte, qualit\u00e4tsvolle, bunte Accessoires f\u00fcr Babys, Kleinkinder, Kinder und Erwachsene.<\/p>\n","protected":false},"excerpt":{"rendered":"<p>picknicker ist die Website einer jungen Familie bei der drei Themen im Mittelpunkt stehen: Aktuell bloggt vor allem Familien-Mama Sandra zum Thema N\u00e4hen und Familien-Papa Heli zum Thema Reisen. Sandra hat ihr Hobby zum Beruf gemacht: Ihr kleines Label &#8222;Picknicker&#8220; [&hellip;]<\/p>\n","protected":false},"author":1,"featured_media":0,"parent":0,"menu_order":0,"comment_status":"closed","ping_status":"closed","template":"","meta":{"footnotes":""},"class_list":["post-39","page","type-page","status-publish","hentry"],"jetpack_sharing_enabled":true,"amp_enabled":true,"_links":{"self":[{"href":"https:\/\/www.picknicker.at\/index.php?rest_route=\/wp\/v2\/pages\/39","targetHints":{"allow":["GET"]}}],"collection":[{"href":"https:\/\/www.picknicker.at\/index.php?rest_route=\/wp\/v2\/pages"}],"about":[{"href":"https:\/\/www.picknicker.at\/index.php?rest_route=\/wp\/v2\/types\/page"}],"author":[{"embeddable":true,"href":"https:\/\/www.picknicker.at\/index.php?rest_route=\/wp\/v2\/users\/1"}],"replies":[{"embeddable":true,"href":"https:\/\/www.picknicker.at\/index.php?rest_route=%2Fwp%2Fv2%2Fcomments&post=39"}],"version-history":[{"count":7,"href":"https:\/\/www.picknicker.at\/index.php?rest_route=\/wp\/v2\/pages\/39\/revisions"}],"predecessor-version":[{"id":2403,"href":"https:\/\/www.picknicker.at\/index.php?rest_route=\/wp\/v2\/pages\/39\/revisions\/2403"}],"wp:attachment":[{"href":"https:\/\/www.picknicker.at\/index.php?rest_route=%2Fwp%2Fv2%2Fmedia&parent=39"}],"curies":[{"name":"wp","href":"https:\/\/api.w.org\/{rel}","templated":true}]}}